) = -r**2 + r + 3. Give w(-7).
-53
Let g(m) = -m**3 - 7*m**2 - 7*m + 3. Calculate g(-6).
9
Let i(d) = d**3 - 10*d**2 + 2*d - 8. Calculate i(10).
12
Let o(x) = 6*x - 2. Calculate o(-4).
-26
Let b(c) = -3*c - 13. Determine b(-6).
5
Let m(w) = 4*w**3 - 10*w**2 + 2*w - 1. Give m(4).
103
Let t(h) = h**2 + 10*h + 30. Give t(-6).
6
Let o(z) = 11*z**2 + 4*z + 3. Give o(2).
55
Let i(t) = -t - 28. What is i(-17)?
-11
Let d(n) = 8*n**2 - 114*n + 10. Determine d(14).
-18
Let d(h) = 35*h**3 + 1. Calculate d(-1).
-34
Let q(g) = -2*g**2 - 11*g + 7. Determine q(-6).
1
Let u(o) = 33*o - 98. What is u(3)?
1
Let t(g) = -g**3 - 8*g**2 - 13*g. Give t(-5).
-10
Let n(p) = 20*p + 49. What is n(-3)?
-11
Let j(s) = -s**3 + 4*s**2 + 16*s - 49. Determine j(3).
8
Let z(m) = -m**3 - m**2 - m - 2. What is z(0)?
-2
Let j(k) = -3*k - 9. Determine j(7).
-30
Let m(a) = 17*a - 528. What is m(31)?
-1
Let l(a) = -8*a - 1. Determine l(2).
-17
Let u(w) = -w**2 - 18*w + 7. Determine u(-18).
7
Let l(u) = u**3 - 8*u**2 + 9*u + 1. Give l(7).
15
Let v(d) = d**2 + 4*d + 9. What is v(-4)?
9
Let f(o) = o + 4. What is f(-4)?
0
Let u(x) = -2*x**2 + 13*x + 18. What is u(8)?
-6
Let b(h) = h**2 + 5*h + 16. Calculate b(-6).
22
Let h(x) = x**3 - 53*x**2 - 117*x + 380. What is h(55)?
-5
Let a(r) = 2*r + 12. Give a(-11).
-10
Let x(k) = 9*k + 204. Calculate x(-23).
-3
Let j(n) = n**2 - 7*n + 3. Give j(6).
-3
Let m(u) = -u**3 + u**2 - u + 4. What is m(0)?
4
Let f(s) = s**3 + 6*s**2 - 7*s - 1. What is f(-7)?
-1
Let l(g) = g**3 + 11*g**2 - 26*g + 12. What is l(-13)?
12
Let n(x) = -50*x**3 - 3*x**2 - 3*x - 1. Calculate n(-1).
49
Let h(p) = -p**3 + 9*p**2 - 7*p - 11. Give h(8).
-3
Let y(w) = w**2 + 15*w + 29. Give y(-13).
3
Let w(h) = 2*h**2 - 12*h - 2. Calculate w(9).
52
Let b(p) = 7*p**3 - p**2 + 3*p - 1. Give b(2).
57
Let y(q) = -q**3 + 10*q**2 + 2*q - 15. Give y(10).
5
Let h(i) = i**2 - 27*i + 44. Determine h(17).
-126
Let u(y) = -57*y - 109. Give u(-2).
5
Let v(d) = d + 18. What is v(-14)?
4
Let h(u) = -3*u**2 + 4*u + 2. Determine h(-2).
-18
Let j(x) = -x**3 + x**2 + 3*x - 4. What is j(3)?
-13
Let h(p) = p**3 - 2*p**2 + 5*p - 3. What is h(2)?
7
Let u(m) = -m**2 - 9. Give u(-3).
-18
Let m(g) = 8*g**2 + 10*g + 1. Give m(-1).
-1
Let b(j) = 2*j**2 + 20*j - 27. What is b(-12)?
21
Let s(k) = -2*k - 4. Calculate s(-8).
12
Let f(b) = -3*b - 11. Determine f(5).
-26
Let p(b) = -b**3 + 10*b**2 - b + 8. Calculate p(10).
-2
Let q(n) = n - 43. What is q(0)?
-43
Let i(o) = -o**2 - 11*o - 3. Give i(-6).
27
Let a(v) = -v**3 + 10*v**2 - 10*v - 5. What is a(8)?
43
Let p(g) = 3*g - 15. Calculate p(-7).
-36
Let g(z) = 3*z + 14. Give g(-10).
-16
Let d(t) = -32*t + 13. Calculate d(2).
-51
Let j(w) = w**3 + 13*w**2 - 19*w - 19. What is j(-14)?
51
Let r(j) = -2*j + 9. Give r(10).
-11
Let j(h) = -2*h**2 + 59*h - 28. Give j(29).
1
Let i(j) = 66*j + 262. Calculate i(-4).
-2
Let q(m) = -4*m**2 - 10. Determine q(6).
-154
Let s(w) = -w - 2. What is s(-5)?
3
Let i(x) = x**3 + 2*x**2 - x - 3. Give i(-2).
-1
Let w(t) = 5*t**2 + 3*t - 9. Give w(-3).
27
Let j(g) = g**3 - 4*g**2 - g. Give j(4).
-4
Let w(b) = -b**3 - 7*b**2 - 4*b - 16. Determine w(-6).
-28
Let i(r) = 4*r + 102. What is i(-20)?
22
Let j(u) = 3*u**2 + 6*u + 3. Calculate j(-5).
48
Let v(i) = -2*i. Calculate v(-2).
4
Let o(b) = -44*b**2 + 838*b - 26. What is o(19)?
12
Let z(f) = 78*f + 69. Give z(-1).
-9
Let t(k) = -11*k + 178. Give t(17).
-9
Let v(a) = -a**2 - 6*a + 11. Calculate v(2).
-5
Let k(p) = p**2 + 7*p + 3. Give k(-4).
-9
Let s(d) = d**3 - 7*d**2 - 8*d. What is s(8)?
0
Let x(b) = -b**3 - 9*b**2 - 13*b - 32. Calculate x(-8).
8
Let a(z) = -6*z - 13. What is a(-10)?
47
Let p(o) = o**2 - 4*o - 40. Determine p(8).
-8
Let o(d) = 10*d**2 + d + 2. Calculate o(2).
44
Let t(b) = -2*b**2 - 23*b - 5. What is t(-12)?
-17
Let d(a) = a**3 + 13*a**2 + 25*a + 11. Give d(-11).
-22
Let h(f) = -3*f - 24. Determine h(-10).
6
Let x(b) = -b**3 - 4*b**2 + 12*b - 1. Calculate x(-6).
-1
Let m(d) = d**2 - 8*d + 4. Calculate m(3).
-11
Let y(a) = -a**2 + 19*a + 15. What is y(20)?
-5
Let c(a) = a**3 + 12*a**2 - 3*a - 16. Give c(-12).
20
Let i(c) = -c + 80. Calculate i(15).
65
Let q(c) = -c - 23. Calculate q(-5).
-18
Let t(s) = 4*s**3 + s**2 - 4*s - 3. Determine t(-2).
-23
Let y(g) = -3*g + 42. Give y(12).
6
Let x(t) = t**2 + 50*t + 296. Give x(-7).
-5
Let d(y) = y**3 + 5*y**2 - y - 5. Give d(-5).
0
Let o(z) = -z**3 + 17*z**2 - 14*z - 31. Calculate o(16).
1
Let p(c) = c**2 - 10*c + 2. Determine p(7).
-19
Let v(l) = -l**3 + 16*l**2 - 9. Give v(16).
-9
Let g(p) = -2*p**2 - 13*p - 10. Determine g(-7).
-17
Let b(n) = 4*n + 57. Determine b(-3).
45
Let y(k) = -k**2 - 8*k + 153. Calculate y(9).
0
Let b(x) = -3*x - 8. Give b(6).
-26
Let t(z) = -z**2 + 9*z - 23. Determine t(6).
-5
Let r(h) = -h**3 - 13*h**2 + 33*h - 5. Give r(-15).
-50
Let b(u) = 2*u**2 + 12*u + 19. Determine b(-2).
3
Let j(m) = 8*m + 7. Calculate j(-5).
-33
Let b(o) = 2*o - 1. Determine b(-3).
-7
Let c(t) = 30*t - 220. What is c(7)?
-10
Let j(w) = -w**3 - 15*w**2 + 54*w - 28. Calculate j(-18).
-28
Let t(m) = -m**3 + 9*m**2 - 12*m + 44. What is t(8)?
12
Let c(b) = b**3 + 4*b**2 + 2*b. Give c(-4).
-8
Let y(l) = 10*l - 24. Calculate y(8).
56
Let c(o) = o**2 + 4*o - 12. Determine c(-5).
-7
Let v(t) = -8*t. Calculate v(-1).
8
Let m(g) = -27*g + 409. Determine m(15).
4
Let r(o) = -2*o**2 - 3*o + 2. Determine r(2).
-12
Let m(a) = -11*a - 7. Calculate m(-5).
48
Let s(r) = r**2 + 6*r - 19. What is s(-8)?
-3
Let z(i) = 29*i - 171. Give z(6).
3
Let d(n) = 6*n**2 - 4*n - 4. Calculate d(-2).
28
Let k(y) = y**3 + 8*y**2 + 2*y + 19. Calculate k(-8).
3
Let l(u) = u**2 + 3*u - 13. Calculate l(-7).
15
Let v(s) = s - 7. Determine v(-5).
-12
Let a(q) = q**3 - 16*q**2 + 15*q - 8. Give a(15).
-8
Let a(v) = -2*v - 36. Calculate a(-16).
-4
Let p(k) = k**3 + 5*k**2 + 4*k - 5. Give p(-4).
-5
Let q(t) = 10*t + 1. Give q(0).
1
Let g(i) = -i**2 - i + 30. Calculate g(6).
-12
Let y(a) = 20*a**2 - 1. Calculate y(-1).
19
Let f(t) = -10*t - 75. Give f(-4).
-35
Let r(x) = -33*x + 325. Calculate r(10).
-5
Let r(p) = 36*p - 505. What is r(14)?
-1
Let i(s) = 68*s - 273. Give i(4).
-1
Let k(v) = v**3 + 27*v**2 + 47*v - 76. Determine k(-25).
-1
Let v(g) = -2*g + 23. What is v(10)?
3
Let w(z) = -z + 24. What is w(19)?
5
Let t(z) = 26*z - 310. What is t(12)?
2
Let u(v) = -14*v + 85. Give u(6).
1
Let w(x) = -5*x - 12. Determine w(-3).
3
Let a(l) = l**3 - 12*l**2 + 12*l - 1. Determine a(11).
10
Let f(y) = -4*y**2 + 11*y - 7. Give f(4).
-27
Let d(a) = 4*a - 11. Calculate d(5).
9
Let o(x) = -x - 45. Determine o(-23).
-22
Let w(l) = -l**3 + 8*l**2 + 7*l + 14. Determine w(9).
-4
Let q(d) = d**3 + d**2 - d - 91. What is q(0)?
-91
Let f(y) = y**3 - 12*y**2 + 11*y - 12. Determine f(11).
-12
Let o(p) = p**3 + 9*p**2 + 5*p - 21. Calculate o(-8).
3
Let u(x) = x**3 - x**2 - 2*x + 128. Give u(0).
128
Let z(s) = 4*s**2 + 77*s - 55. Determine z(-20).
5
Let y(c) = 4*c**3 + 83*c**2 + 62*c + 39. What is y(-20)?
-1
Let l(c) = 2*c**2 + 15*c + 3. What is l(-4)?
-25
Let n(y) = y**3 + 6*y**2 + 7. Determine n(-3).
34
Let l(r) = -11*r + 2. What is l(-2)?
24
Let k(w) = -w**3 + 2*w**2 + 3*w - 2. Determine k(2).
4
Let a(s) = s**3 + 14*s**2 + 10*s + 13. Determine a(-13).
52
Let l(b) = -b**2 - 2*b - 2. Calculate l(-1).
-1
Let z(y) = -y**3 + 9*y**2 - 5*y + 28. What is z(9)?
-17
Let n(u) = u**2 - 19*u - 26. Calculate n(21).
16
Let f(s) = s**2 + 9*s + 12. What is f(-8)?
4
Let h(f) = -f**3 - 12*f**2 - 13*f - 23. Determine h(-11).
-1
Let b(c) = 3*c**2 + c + 11. What is b(0)?
11
Let d(i) = 2*i**3 - 8*i**2 + 4*i + 9. Determine d(5).
79
Let y(p) = -p**3 + 8*p**2 + 14*p - 13. Calculate y(9).
32
Let u(s) = s**3 + s - 2. Give u(0).
-2
Let f(q) = 3*q**3 + 9*q**2 - 4*q - 5. Calculate f(-3).
7
Let x(q) = -q**3 + 5*q**2 - 5*q - 8. Give x(4).
-12
Let w(r) = -r**3 + 6*r**2 + 9*r - 6. Calculate w(7).
8
Let t(b) = -24*b - 104. Determine t(-4).
-8
Let l(t) = -5*t - 78. Determine l(-16).
2
Let w(z) = z + 5. Calculate w(10).
15
Let c(i) = -2*i**3 + 12*i**2 + 22*i - 5. Determine c(7).
51
Let j(g) = g**3 + 6*g**2 + 7*g + 14. Determine j(-6).
-28
Let j(l) = 3*l**2 + 2*l. Calculate j(3).
33
Let l(s) = 5*s - 30. Calculate l(3).
-15
Let r(w) = -34*w - 4. Give r(-4).
132
Let u(d) = d + 21. Calculate u(-11).
10
Let j(p) = -p**3 + 14*